{"id":12,"date":"2019-02-12T10:32:38","date_gmt":"2019-02-12T13:32:38","guid":{"rendered":"http:\/\/cpccp1.hospedagemdesites.ws\/site\/?page_id=12"},"modified":"2019-02-27T10:53:48","modified_gmt":"2019-02-27T13:53:48","slug":"atribuicoes","status":"publish","type":"page","link":"http:\/\/www.conselhodascomunidades.pt\/site\/atribuicoes\/","title":{"rendered":"Atribui\u00e7\u00f5es"},"content":{"rendered":"\r\n<p style=\"text-align: justify;\">Conforme o artigo 2\u00ba, da Lei 66-A de 2007, \u00a0compete ao CCP:<\/p>\r\n\r\n\r\n\r\n<ul class=\"wp-block-list\" style=\"text-align: justify;\">\r\n<li>emitir pareceres, a pedido do Governo ou da Assembleia da Rep\u00fablica, sobre projectos e propostas de lei e demais projectos de actos legislativos e administrativos, bem como sobre acordos internacionais ou normativos comunit\u00e1rios relativos \u00e0s comunidades portuguesas residentes no estrangeiro;<\/li>\r\n<\/ul>\r\n\r\n\r\n\r\n<ul class=\"wp-block-list\" style=\"text-align: justify;\">\r\n<li style=\"text-align: justify;\">apreciar as quest\u00f5es que lhe sejam colocadas pelos Governos Regionais dos A\u00e7ores ou da Madeira referentes \u00e0s comunidades portuguesas provenientes daquelas regi\u00f5es aut\u00f3nomas;<\/li>\r\n<\/ul>\r\n\r\n\r\n\r\n<ul class=\"wp-block-list\" style=\"text-align: justify;\">\r\n<li>produzir informa\u00e7\u00f5es e emitir pareceres, por sua pr\u00f3pria iniciativa, sobre todas as mat\u00e9rias que respeitem aos portugueses residentes no estrangeiro e ao desenvolvimento da presen\u00e7a portuguesa no mundo, e dirigi-las ao membro do Governo respons\u00e1vel pelas \u00e1reas da emigra\u00e7\u00e3o e das comunidades portuguesas;<\/li>\r\n<\/ul>\r\n\r\n\r\n\r\n<ul class=\"wp-block-list\" style=\"text-align: justify;\">\r\n<li>formular propostas e recomenda\u00e7\u00f5es sobre os objetivos e a aplica\u00e7\u00e3o dos princ\u00edpios da pol\u00edtica para as comunidades portuguesas.<\/li>\r\n<\/ul>\r\n\r\n\r\n\r\n<p style=\"text-align: justify;\">\u00a0O Conselho pode ainda apreciar quest\u00f5es relativas \u00e0s comunidades portuguesas que lhe sejam colocadas pelo Governo da Rep\u00fablica.<\/p>\r\n\r\n\r\n\r\n<p style=\"text-align: justify;\">\u00a0Compete ainda ao Conselho aprovar o Regulamento interno do seu funcionamento.<\/p>\r\n","protected":false},"excerpt":{"rendered":"<p>Conforme o artigo 2\u00ba, da Lei 66-A de 2007, \u00a0compete ao CCP: emitir pareceres, a pedido do Governo ou da Assembleia da Rep\u00fablica, sobre projectos e propostas de lei e demais projectos de actos legislativos e administrativos, bem como sobre &hellip; <a href=\"http:\/\/www.conselhodascomunidades.pt\/site\/atribuicoes\/\">Continue lendo <span class=\"meta-nav\">&rarr;<\/span><\/a><\/p>\n","protected":false},"author":1,"featured_media":0,"parent":0,"menu_order":0,"comment_status":"closed","ping_status":"closed","template":"","meta":{"footnotes":""},"class_list":["post-12","page","type-page","status-publish","hentry"],"_links":{"self":[{"href":"http:\/\/www.conselhodascomunidades.pt\/site\/wp-json\/wp\/v2\/pages\/12","targetHints":{"allow":["GET"]}}],"collection":[{"href":"http:\/\/www.conselhodascomunidades.pt\/site\/wp-json\/wp\/v2\/pages"}],"about":[{"href":"http:\/\/www.conselhodascomunidades.pt\/site\/wp-json\/wp\/v2\/types\/page"}],"author":[{"embeddable":true,"href":"http:\/\/www.conselhodascomunidades.pt\/site\/wp-json\/wp\/v2\/users\/1"}],"replies":[{"embeddable":true,"href":"http:\/\/www.conselhodascomunidades.pt\/site\/wp-json\/wp\/v2\/comments?post=12"}],"version-history":[{"count":3,"href":"http:\/\/www.conselhodascomunidades.pt\/site\/wp-json\/wp\/v2\/pages\/12\/revisions"}],"predecessor-version":[{"id":230,"href":"http:\/\/www.conselhodascomunidades.pt\/site\/wp-json\/wp\/v2\/pages\/12\/revisions\/230"}],"wp:attachment":[{"href":"http:\/\/www.conselhodascomunidades.pt\/site\/wp-json\/wp\/v2\/media?parent=12"}],"curies":[{"name":"wp","href":"https:\/\/api.w.org\/{rel}","templated":true}]}}

Atribuições

<p style="text-align: justify;">Conforme o artigo 2º, da Lei 66-A de 2007,  compete ao CCP:</p>



<ul class="wp-block-list" style="text-align: justify;">
<li>emitir pareceres, a pedido do Governo ou da Assembleia da República, sobre projectos e propostas de lei e demais projectos de actos legislativos e administrativos, bem como sobre acordos internacionais ou normativos comunitários relativos às comunidades portuguesas residentes no estrangeiro;</li>
</ul>



<ul class="wp-block-list" style="text-align: justify;">
<li style="text-align: justify;">apreciar as questões que lhe sejam colocadas pelos Governos Regionais dos Açores ou da Madeira referentes às comunidades portuguesas provenientes daquelas regiões autónomas;</li>
</ul>



<ul class="wp-block-list" style="text-align: justify;">
<li>produzir informações e emitir pareceres, por sua própria iniciativa, sobre todas as matérias que respeitem aos portugueses residentes no estrangeiro e ao desenvolvimento da presença portuguesa no mundo, e dirigi-las ao membro do Governo responsável pelas áreas da emigração e das comunidades portuguesas;</li>
</ul>



<ul class="wp-block-list" style="text-align: justify;">
<li>formular propostas e recomendações sobre os objetivos e a aplicação dos princípios da política para as comunidades portuguesas.</li>
</ul>



<p style="text-align: justify;"> O Conselho pode ainda apreciar questões relativas às comunidades portuguesas que lhe sejam colocadas pelo Governo da República.</p>



<p style="text-align: justify;"> Compete ainda ao Conselho aprovar o Regulamento interno do seu funcionamento.</p>

<p>Conforme o artigo 2º, da Lei 66-A de 2007,  compete ao CCP: emitir pareceres, a pedido do Governo ou da Assembleia da República, sobre projectos e propostas de lei e demais projectos de actos legislativos e administrativos, bem como sobre &hellip; <a href="http://www.conselhodascomunidades.pt/site/atribuicoes/">Continue lendo <span class="meta-nav">&rarr;</span></a></p>
