{"id":14,"date":"2019-02-12T10:36:51","date_gmt":"2019-02-12T13:36:51","guid":{"rendered":"http:\/\/cpccp1.hospedagemdesites.ws\/site\/?page_id=14"},"modified":"2025-07-29T08:43:23","modified_gmt":"2025-07-29T11:43:23","slug":"orcamento-e-prestacao-de-contas","status":"publish","type":"page","link":"http:\/\/www.conselhodascomunidades.pt\/site\/orcamento-e-prestacao-de-contas\/","title":{"rendered":"Or\u00e7amento e Presta\u00e7\u00e3o de Contas"},"content":{"rendered":"\nO CCP, dentro de suas compet\u00eancias e responsabilidades, encaminha durante o m\u00eas de julho um of\u00edcio ao MNE e ao GSECP para requisitar atribui\u00e7\u00e3o de Or\u00e7amento para o ano seguinte, mediante apresenta\u00e7\u00e3o de justifica\u00e7\u00e3o e de planilha que contemple as a\u00e7\u00f5es m\u00ednimas a realizar, inclusive em nossas Sec\u00e7\u00f5es locais. Apresentam-se abaixo os of\u00edcios encaminhados em 2022 para o OE de 2023; os or\u00e7amentos atribu\u00eddos\/recebidos em anos anteriores; e, por fim, a presta\u00e7\u00e3o de contas do que foi gasto pelo CCP, a fim de dar publicidade e transpar\u00eancia do que \u00e9 feito com o dinheiro p\u00fablico recebido neste mandato.\n\n\n\n<hr class=\"wp-block-separator has-css-opacity\"\/>\n\n\n\n<div class=\"wp-block-file\"><a id=\"wp-block-file--media-e7bd5e3d-316b-4f22-8f8b-e9973f94a8c6\" href=\"http:\/\/www.conselhodascomunidades.pt\/site\/wp-content\/uploads\/2025\/07\/CCP-OE-2026.pdf\">CCP OE 2026<\/a><a href=\"http:\/\/www.conselhodascomunidades.pt\/site\/wp-content\/uploads\/2025\/07\/CCP-OE-2026.pdf\" class=\"wp-block-file__button wp-element-button\" download aria-describedby=\"wp-block-file--media-e7bd5e3d-316b-4f22-8f8b-e9973f94a8c6\">Baixar<\/a><\/div>\n\n\n\n<div class=\"wp-block-file\"><a id=\"wp-block-file--media-8e015521-4fc8-4f4d-87a7-ae9b8a4a65c0\" href=\"http:\/\/www.conselhodascomunidades.pt\/site\/wp-content\/uploads\/2025\/04\/ORCAMENTOS-CCP.pdf\">OR\u00c7AMENTOS CCP<\/a><a href=\"http:\/\/www.conselhodascomunidades.pt\/site\/wp-content\/uploads\/2025\/04\/ORCAMENTOS-CCP.pdf\" class=\"wp-block-file__button wp-element-button\" download aria-describedby=\"wp-block-file--media-8e015521-4fc8-4f4d-87a7-ae9b8a4a65c0\">Baixar<\/a><\/div>\n\n\n\n<div class=\"wp-block-file\"><a href=\"http:\/\/www.conselhodascomunidades.pt\/site\/wp-content\/uploads\/2023\/02\/PRESTA\u00c7\u00c3O-DE-CONTAS-2017-2022.docx\">PRESTA\u00c7\u00c3O DE CONTAS 2017-2022<\/a><a href=\"http:\/\/www.conselhodascomunidades.pt\/site\/wp-content\/uploads\/2023\/02\/PRESTA\u00c7\u00c3O-DE-CONTAS-2017-2022.docx\" class=\"wp-block-file__button wp-element-button\" download>Baixar<\/a><\/div>\n\n\n\n<p><\/p>\n","protected":false},"excerpt":{"rendered":"<p>O CCP, dentro de suas compet\u00eancias e responsabilidades, encaminha durante o m\u00eas de julho um of\u00edcio ao MNE e ao GSECP para requisitar atribui\u00e7\u00e3o de Or\u00e7amento para o ano seguinte, mediante apresenta\u00e7\u00e3o de justifica\u00e7\u00e3o e de planilha que contemple as &hellip; <a href=\"http:\/\/www.conselhodascomunidades.pt\/site\/orcamento-e-prestacao-de-contas\/\">Continue lendo <span class=\"meta-nav\">&rarr;<\/span><\/a><\/p>\n","protected":false},"author":1,"featured_media":0,"parent":0,"menu_order":0,"comment_status":"closed","ping_status":"closed","template":"","meta":{"footnotes":""},"class_list":["post-14","page","type-page","status-publish","hentry"],"_links":{"self":[{"href":"http:\/\/www.conselhodascomunidades.pt\/site\/wp-json\/wp\/v2\/pages\/14","targetHints":{"allow":["GET"]}}],"collection":[{"href":"http:\/\/www.conselhodascomunidades.pt\/site\/wp-json\/wp\/v2\/pages"}],"about":[{"href":"http:\/\/www.conselhodascomunidades.pt\/site\/wp-json\/wp\/v2\/types\/page"}],"author":[{"embeddable":true,"href":"http:\/\/www.conselhodascomunidades.pt\/site\/wp-json\/wp\/v2\/users\/1"}],"replies":[{"embeddable":true,"href":"http:\/\/www.conselhodascomunidades.pt\/site\/wp-json\/wp\/v2\/comments?post=14"}],"version-history":[{"count":20,"href":"http:\/\/www.conselhodascomunidades.pt\/site\/wp-json\/wp\/v2\/pages\/14\/revisions"}],"predecessor-version":[{"id":2249,"href":"http:\/\/www.conselhodascomunidades.pt\/site\/wp-json\/wp\/v2\/pages\/14\/revisions\/2249"}],"wp:attachment":[{"href":"http:\/\/www.conselhodascomunidades.pt\/site\/wp-json\/wp\/v2\/media?parent=14"}],"curies":[{"name":"wp","href":"https:\/\/api.w.org\/{rel}","templated":true}]}}