{"id":271,"date":"2019-03-01T06:05:03","date_gmt":"2019-03-01T09:05:03","guid":{"rendered":"http:\/\/www.conselhodascomunidades.pt\/site\/?page_id=271"},"modified":"2019-05-29T08:05:55","modified_gmt":"2019-05-29T11:05:55","slug":"institucional","status":"publish","type":"page","link":"http:\/\/www.conselhodascomunidades.pt\/site\/institucional\/","title":{"rendered":"Institucional"},"content":{"rendered":"<p style=\"text-align: justify;\">O Conselho das Comunidades Portuguesas, CCP, \u00e9 o \u00f3rg\u00e3o previsto em Lei que representa a voz das Comunidades Portuguesas. Este \u00e9 o s\u00edtio onde poder\u00e1 encontrar mais informa\u00e7\u00f5es acerca desse Conselho, seus \u00f3rg\u00e3os e conselheiros\/as.<\/p>\n","protected":false},"excerpt":{"rendered":"<p>O Conselho das Comunidades Portuguesas, CCP, \u00e9 o \u00f3rg\u00e3o previsto em Lei que representa a voz das Comunidades Portuguesas. Este \u00e9 o s\u00edtio onde poder\u00e1 encontrar mais informa\u00e7\u00f5es acerca desse Conselho, seus \u00f3rg\u00e3os e conselheiros\/as.<\/p>\n","protected":false},"author":1,"featured_media":0,"parent":0,"menu_order":0,"comment_status":"closed","ping_status":"closed","template":"","meta":{"footnotes":""},"class_list":["post-271","page","type-page","status-publish","hentry"],"_links":{"self":[{"href":"http:\/\/www.conselhodascomunidades.pt\/site\/wp-json\/wp\/v2\/pages\/271","targetHints":{"allow":["GET"]}}],"collection":[{"href":"http:\/\/www.conselhodascomunidades.pt\/site\/wp-json\/wp\/v2\/pages"}],"about":[{"href":"http:\/\/www.conselhodascomunidades.pt\/site\/wp-json\/wp\/v2\/types\/page"}],"author":[{"embeddable":true,"href":"http:\/\/www.conselhodascomunidades.pt\/site\/wp-json\/wp\/v2\/users\/1"}],"replies":[{"embeddable":true,"href":"http:\/\/www.conselhodascomunidades.pt\/site\/wp-json\/wp\/v2\/comments?post=271"}],"version-history":[{"count":5,"href":"http:\/\/www.conselhodascomunidades.pt\/site\/wp-json\/wp\/v2\/pages\/271\/revisions"}],"predecessor-version":[{"id":762,"href":"http:\/\/www.conselhodascomunidades.pt\/site\/wp-json\/wp\/v2\/pages\/271\/revisions\/762"}],"wp:attachment":[{"href":"http:\/\/www.conselhodascomunidades.pt\/site\/wp-json\/wp\/v2\/media?parent=271"}],"curies":[{"name":"wp","href":"https:\/\/api.w.org\/{rel}","templated":true}]}}

<p style="text-align: justify;">O Conselho das Comunidades Portuguesas, CCP, é o órgão previsto em Lei que representa a voz das Comunidades Portuguesas. Este é o sítio onde poderá encontrar mais informações acerca desse Conselho, seus órgãos e conselheiros/as.</p>

<p>O Conselho das Comunidades Portuguesas, CCP, é o órgão previsto em Lei que representa a voz das Comunidades Portuguesas. Este é o sítio onde poderá encontrar mais informações acerca desse Conselho, seus órgãos e conselheiros/as.</p>
