{"id":8,"date":"2019-02-12T10:30:40","date_gmt":"2019-02-12T13:30:40","guid":{"rendered":"http:\/\/cpccp1.hospedagemdesites.ws\/site\/?page_id=8"},"modified":"2025-05-30T17:31:31","modified_gmt":"2025-05-30T20:31:31","slug":"regulamentacao","status":"publish","type":"page","link":"http:\/\/www.conselhodascomunidades.pt\/site\/regulamentacao\/","title":{"rendered":"Regulamenta\u00e7\u00e3o"},"content":{"rendered":"\n<p><p style=\"text-align: justify;\">Criado pela Lei n\u00ba 66-A\/2007, de 11 de Dezembro,\u00a0alterada e\u00a0republicada pelas Leis n.\u00ba 29\/2015, de 16 de abril,\u00a0e 47\/2021, de 21 de agosto, o\u00a0<b>Conselho das Comunidades Portuguesas (CCP)<\/b>\u00a0\u00e9 o \u00f3rg\u00e3o consultivo do Governo para as pol\u00edticas relativas \u00e0 emigra\u00e7\u00e3o e \u00e0s comunidades portuguesas no estrangeiro.<\/p><\/p>\n\n\n\n<hr class=\"wp-block-separator has-alpha-channel-opacity\"\/>\n\n\n\n<div class=\"wp-block-file\"><a id=\"wp-block-file--media-b3faa9c1-c007-4033-9b4d-aed52f1ba8a2\" href=\"http:\/\/www.conselhodascomunidades.pt\/site\/wp-content\/uploads\/2025\/05\/legis_ccp_66_a_2007_atualizada_2023-08-21.pdf\">\u00a0LEGISLA\u00c7\u00c3O VIGENTE ATUALIZADA<\/a><a href=\"http:\/\/www.conselhodascomunidades.pt\/site\/wp-content\/uploads\/2025\/05\/legis_ccp_66_a_2007_atualizada_2023-08-21.pdf\" class=\"wp-block-file__button wp-element-button\" download aria-describedby=\"wp-block-file--media-b3faa9c1-c007-4033-9b4d-aed52f1ba8a2\">Baixar<\/a><\/div>\n\n\n\n<p><\/p>\n","protected":false},"excerpt":{"rendered":"<p>Criado pela Lei n\u00ba 66-A\/2007, de 11 de Dezembro,\u00a0alterada e\u00a0republicada pelas Leis n.\u00ba 29\/2015, de 16 de abril,\u00a0e 47\/2021, de 21 de agosto, o\u00a0Conselho das Comunidades Portuguesas (CCP)\u00a0\u00e9 o \u00f3rg\u00e3o consultivo do Governo para as pol\u00edticas relativas \u00e0 emigra\u00e7\u00e3o e &hellip; <a href=\"http:\/\/www.conselhodascomunidades.pt\/site\/regulamentacao\/\">Continue lendo <span class=\"meta-nav\">&rarr;<\/span><\/a><\/p>\n","protected":false},"author":1,"featured_media":0,"parent":0,"menu_order":0,"comment_status":"closed","ping_status":"closed","template":"","meta":{"footnotes":""},"class_list":["post-8","page","type-page","status-publish","hentry"],"_links":{"self":[{"href":"http:\/\/www.conselhodascomunidades.pt\/site\/wp-json\/wp\/v2\/pages\/8","targetHints":{"allow":["GET"]}}],"collection":[{"href":"http:\/\/www.conselhodascomunidades.pt\/site\/wp-json\/wp\/v2\/pages"}],"about":[{"href":"http:\/\/www.conselhodascomunidades.pt\/site\/wp-json\/wp\/v2\/types\/page"}],"author":[{"embeddable":true,"href":"http:\/\/www.conselhodascomunidades.pt\/site\/wp-json\/wp\/v2\/users\/1"}],"replies":[{"embeddable":true,"href":"http:\/\/www.conselhodascomunidades.pt\/site\/wp-json\/wp\/v2\/comments?post=8"}],"version-history":[{"count":8,"href":"http:\/\/www.conselhodascomunidades.pt\/site\/wp-json\/wp\/v2\/pages\/8\/revisions"}],"predecessor-version":[{"id":2201,"href":"http:\/\/www.conselhodascomunidades.pt\/site\/wp-json\/wp\/v2\/pages\/8\/revisions\/2201"}],"wp:attachment":[{"href":"http:\/\/www.conselhodascomunidades.pt\/site\/wp-json\/wp\/v2\/media?parent=8"}],"curies":[{"name":"wp","href":"https:\/\/api.w.org\/{rel}","templated":true}]}}