{"id":86,"date":"2019-02-12T12:27:29","date_gmt":"2019-02-12T15:27:29","guid":{"rendered":"http:\/\/cpccp1.hospedagemdesites.ws\/site\/?page_id=86"},"modified":"2019-02-27T10:58:11","modified_gmt":"2019-02-27T13:58:11","slug":"comissoes-tematicas","status":"publish","type":"page","link":"http:\/\/www.conselhodascomunidades.pt\/site\/comissoes-tematicas\/","title":{"rendered":"COMISS\u00d5ES TEM\u00c1TICAS"},"content":{"rendered":"\r\n<h2 class=\"wp-block-heading\" style=\"text-align: justify;\"><strong> Organiza\u00e7\u00e3o, Compet\u00eancias e Objetivos<\/strong><\/h2>\r\n\r\n\r\n\r\n<p style=\"text-align: justify;\">O Conselho tem tr\u00eas comiss\u00f5es tem\u00e1ticas que re\u00fanem uma vez por ano em Lisboa e s\u00e3o compostas por sete conselheiros, eleitos pelos Conselhos Regionais, segundo a seguinte f\u00f3rmula: dois conselheiros regionais da Europa, dois conselheiros regionais da Am\u00e9rica do Sul, um conselheiro regional da Am\u00e9rica do Norte, um conselheiro regional de \u00c1frica e um conselheiro regional da \u00c1sia.<\/p>\r\n\r\n\r\n\r\n<p style=\"text-align: justify;\">Uma comiss\u00e3o trata das quest\u00f5es sociais e econ\u00f3micas e dos fluxos migrat\u00f3rios, outra do ensino do portugu\u00eas no estrangeiro, da cultura, do associativismo e da comunica\u00e7\u00e3o social e, finalmente, uma terceira trata das quest\u00f5es consulares e da participa\u00e7\u00e3o c\u00edvica e pol\u00edtica.<\/p>\r\n\r\n\r\n\r\n<p style=\"text-align: justify;\">As comiss\u00f5es tem\u00e1ticas t\u00eam por miss\u00e3o: elaborar relat\u00f3rios e estudos sobre mat\u00e9rias espec\u00edficas das suas \u00e1reas a submeter ao plen\u00e1rio ou \u00e0 reuni\u00e3o do Conselho Permanente.<\/p>\r\n\r\n\r\n\r\n<p style=\"text-align: justify;\">\u00c9 dado conhecimento de todos os relat\u00f3rios e estudos realizados pelas comiss\u00f5es a cada um dos membros do Conselho.<\/p>\r\n\r\n\r\n\r\n<p style=\"text-align: justify;\">A convoca\u00e7\u00e3o da reuni\u00e3o destas comiss\u00f5es cabe ao presidente, em exerc\u00edcio, do Conselho Permanente que preside a essa mesma reuni\u00e3o.<\/p>\r\n\r\n\r\n\r\n<p style=\"text-align: justify;\">Cabe \u00e0s comiss\u00f5es tem\u00e1ticas aprovar o Regulamento de funcionamento.<\/p>\r\n","protected":false},"excerpt":{"rendered":"<p>Organiza\u00e7\u00e3o, Compet\u00eancias e Objetivos O Conselho tem tr\u00eas comiss\u00f5es tem\u00e1ticas que re\u00fanem uma vez por ano em Lisboa e s\u00e3o compostas por sete conselheiros, eleitos pelos Conselhos Regionais, segundo a seguinte f\u00f3rmula: dois conselheiros regionais da Europa, dois conselheiros regionais &hellip; <a href=\"http:\/\/www.conselhodascomunidades.pt\/site\/comissoes-tematicas\/\">Continue lendo <span class=\"meta-nav\">&rarr;<\/span><\/a><\/p>\n","protected":false},"author":1,"featured_media":0,"parent":0,"menu_order":0,"comment_status":"closed","ping_status":"closed","template":"","meta":{"footnotes":""},"class_list":["post-86","page","type-page","status-publish","hentry"],"_links":{"self":[{"href":"http:\/\/www.conselhodascomunidades.pt\/site\/wp-json\/wp\/v2\/pages\/86","targetHints":{"allow":["GET"]}}],"collection":[{"href":"http:\/\/www.conselhodascomunidades.pt\/site\/wp-json\/wp\/v2\/pages"}],"about":[{"href":"http:\/\/www.conselhodascomunidades.pt\/site\/wp-json\/wp\/v2\/types\/page"}],"author":[{"embeddable":true,"href":"http:\/\/www.conselhodascomunidades.pt\/site\/wp-json\/wp\/v2\/users\/1"}],"replies":[{"embeddable":true,"href":"http:\/\/www.conselhodascomunidades.pt\/site\/wp-json\/wp\/v2\/comments?post=86"}],"version-history":[{"count":2,"href":"http:\/\/www.conselhodascomunidades.pt\/site\/wp-json\/wp\/v2\/pages\/86\/revisions"}],"predecessor-version":[{"id":236,"href":"http:\/\/www.conselhodascomunidades.pt\/site\/wp-json\/wp\/v2\/pages\/86\/revisions\/236"}],"wp:attachment":[{"href":"http:\/\/www.conselhodascomunidades.pt\/site\/wp-json\/wp\/v2\/media?parent=86"}],"curies":[{"name":"wp","href":"https:\/\/api.w.org\/{rel}","templated":true}]}}

COMISSÕES TEMÁTICAS

<h2 class="wp-block-heading" style="text-align: justify;"><strong> Organização, Competências e Objetivos</strong></h2>



<p style="text-align: justify;">O Conselho tem três comissões temáticas que reúnem uma vez por ano em Lisboa e são compostas por sete conselheiros, eleitos pelos Conselhos Regionais, segundo a seguinte fórmula: dois conselheiros regionais da Europa, dois conselheiros regionais da América do Sul, um conselheiro regional da América do Norte, um conselheiro regional de África e um conselheiro regional da Ásia.</p>



<p style="text-align: justify;">Uma comissão trata das questões sociais e económicas e dos fluxos migratórios, outra do ensino do português no estrangeiro, da cultura, do associativismo e da comunicação social e, finalmente, uma terceira trata das questões consulares e da participação cívica e política.</p>



<p style="text-align: justify;">As comissões temáticas têm por missão: elaborar relatórios e estudos sobre matérias específicas das suas áreas a submeter ao plenário ou à reunião do Conselho Permanente.</p>



<p style="text-align: justify;">É dado conhecimento de todos os relatórios e estudos realizados pelas comissões a cada um dos membros do Conselho.</p>



<p style="text-align: justify;">A convocação da reunião destas comissões cabe ao presidente, em exercício, do Conselho Permanente que preside a essa mesma reunião.</p>



<p style="text-align: justify;">Cabe às comissões temáticas aprovar o Regulamento de funcionamento.</p>

<p>Organização, Competências e Objetivos O Conselho tem três comissões temáticas que reúnem uma vez por ano em Lisboa e são compostas por sete conselheiros, eleitos pelos Conselhos Regionais, segundo a seguinte fórmula: dois conselheiros regionais da Europa, dois conselheiros regionais &hellip; <a href="http://www.conselhodascomunidades.pt/site/comissoes-tematicas/">Continue lendo <span class="meta-nav">&rarr;</span></a></p>
